 23 - 18. Let c(s) = -s**3 + 6*s**2 - s - 1. Is c(d) prime?
True
Suppose 119685 + 129356 = 13*m. Is m a composite number?
False
Let t = 682 - -6375. Is t a composite number?
False
Let n(j) = -j**2 + 6*j + 10. Let k be n(7). Suppose -13 = -5*d + 2*q, 0 = -3*d + q + 11 - k. Suppose 0 = 2*p - d*p + 34. Is p a prime number?
False
Let m = -36 + 1285. Is m a composite number?
False
Let u be 4/6 + (-28)/(-12). Suppose u = i - 1. Suppose i*c - 2*c - 1366 = 0. Is c a prime number?
True
Let g(p) = -4*p - 65. Is g(-21) composite?
False
Suppose 13050 = 4*x + 2*j, -4*x + 16316 = x - j. Is x a prime number?
False
Suppose 3*p - 47631 = -v, 4*p - 9*p - 2*v + 79385 = 0. Is p composite?
False
Let v(p) = -2*p**3 - 3*p**2 - 5*p - 2. Let k be v(-2). Let f(s) = -s**3 - 2*s**2 + 2*s - 2. Let o be f(-3). Let z = k + o. Is z composite?
False
Let g = -70 - -125. Is g composite?
True
Suppose -17081 = -x + 2*s, -19*x + 5*s = -18*x - 17096. Is x a composite number?
True
Is 6/(-9) + 739687/51 prime?
True
Is 1 - 21/(42/(-1880)) a composite number?
False
Suppose -5*t + 9 = 3*j - 0*j, -2*j = 2*t - 6. Suppose -5*q + j*v = -0*q - 18298, -4*q + 14637 = -v. Is q a composite number?
False
Let y(a) be the first derivative of 15*a**2/2 + 8*a - 1. Let v(q) = q**2 + 13*q + 37. Let g be v(-10). Is y(g) a composite number?
False
Suppose 2574 = 3*w - 2625. Is w a prime number?
True
Let r(q) = -q**3 - 2*q + 1. Let y be r(1). Let m(a) be the first derivative of -17*a**2 + a - 6. Is m(y) a composite number?
True
Suppose 3*t - 37 = r, -r = -5*t - 0 + 63. Suppose 10*l + 3531 = t*l. Is l a composite number?
True
Suppose 5*d - 13171 = 91944. Is d a prime number?
True
Let g be ((-6)/4)/(2/(-268)). Suppose -549 = -3*i + 4*a, -751 = -4*i - 0*i - a. Suppose -4*z + i = -g. Is z composite?
False
Let b = 25910 - 16117. Is b prime?
False
Let y = 328 + -615. Let v = -132 - y. Is v a composite number?
True
Is ((-4)/(-8))/(-6 - (-236585)/39430) a composite number?
False
Is 2629 + 7*12/14 + -4 prime?
False
Suppose p - 2 = 0, 3*i - p - 74 = i. Suppose -2*x = i + 88. Is (-14940)/x + 2/(-14) a prime number?
False
Suppose 5*k + 4*m = 2833, 0 = 5*k - 5*m - 1810 - 1005. Is k composite?
True
Suppose 0 = 5*o, -2*y + 5*o - 11 = -107. Let v be (2/(-6))/((-8)/y). Suppose v*k + 2*k = 2564. Is k a composite number?
False
Let t be (-9)/12 + 79/4. Suppose t - 7 = 4*n. Suppose 85 = -n*q + 442. Is q composite?
True
Suppose 0*x - 1734 = -3*x. Let d = -331 + x. Is d composite?
True
Suppose -32081 = 40*n - 47*n. Is n a composite number?
False
Let o(g) = -7*g - 31. Let s be o(-7). Let x(p) = 16*p - 34. Is x(s) a prime number?
False
Suppose s + s - 1554 = 0. Is (s/(-12))/((-3)/12) a composite number?
True
Let s = -18869 + 30526. Is s composite?
False
Let u(f) = 4*f**3 - 2*f + 2. Let i be u(1). Is ((-2)/4)/(i/(-1528)) prime?
True
Is (-1 - 3) + (-3534)/(-3) + 3 composite?
True
Let f = 45 + -70. Let g = -16 - f. Let n = -3 + g. Is n a composite number?
True
Suppose -4*s - 2*j - 2 = 0, 5*j - 2 = -3*s - 0. Is (s - (-7281)/3)/2 a composite number?
False
Suppose 4*o + 0*o = 5*w - 4471, -2*w = o - 1791. Suppose 4*n - w - 1592 = -5*i, -2*n = -4*i + 2000. Suppose -2*g - 117 + i = 0. Is g a prime number?
True
Suppose 0 = 2*l - 8 - 2. Let f be (-7)/(-1) + l + -8. Suppose f*u - 191 = 3*u. Is u a prime number?
True
Let r(o) = -o**3 - 5*o**2 + 6*o + 24. Let c be r(-7). Let q = -7 - -8. Let f = c - q. Is f composite?
False
Let j(a) = 2*a**3 + 33*a**2 - 31*a + 15. Is j(-17) prime?
False
Let p(v) = 128*v**2 - 230*v - 87. Is p(38) a prime number?
False
Suppose -g - 2*g + 567 = 5*l, 0 = g - 4*l - 172. Suppose 3*a - 4*d - 1179 = 0, 0 = -4*a - a + 5*d + 1970. Let h = a - g. Is h prime?
False
Let u(x) = 1500*x**2 + 24*x + 21. Let o(d) = 500*d**2 + 8*d + 7. Let c(g) = -8*o(g) + 3*u(g). Is c(-1) a composite number?
False
Let l = 270 + 5368. Is l composite?
True
Let p(b) = 2*b**2 - 5*b. Let c be p(3). Suppose 0 = 2*r - 4*r + 10. Suppose 716 = 5*g - c*k, -r*g + k + 713 = -3*k. Is g a composite number?
True
Is 0 + 6 + -6 + (8 - -44811) composite?
False
Is (-2 + 35/7)*17729/3 a prime number?
True
Let a be (-75)/(-20) + 6/(-8). Suppose -a*t = -t - 2, 634 = 3*d + t. Is d prime?
True
Suppose 9 = -5*k + 4*m - 9, 3*k + 24 = -2*m. Let c(x) = -x**3 - 4*x**2 + x - 6. Let a be c(k). Let s = a + -29. Is s a prime number?
True
Let x(a) = a**3 + 8*a**2 - 8*a + 13. Let v be x(-9). Let k = -674 - -979. Suppose -5*w = -v*w - k. Is w prime?
False
Suppose 15 = -4*i + 5*h, 3*i - 4*h = -9 - 3. Suppose 0 = -3*y + 12, 4*n - 2*y = -i*n + 980. Is n a composite number?
True
Suppose -3*o + 0*o = 15. Let r be (-147)/(-35) + 1/o. Is 3 - 8/r - -120 a prime number?
False
Suppose 4*g = 3*v + 32683 - 1418, -4*g - 4*v = -31272. Is g composite?
False
Suppose -5*s + 6 = -14. Suppose 4*q = 2*q + s. Is 2 + -2 + 11*q composite?
True
Let q(t) = -t**3 + 16*t**2 - 27*t - 32. Let x be q(14). Let n(c) = c**3 + 4*c**2 - 5*c - 6. Let j be n(-5). Is x/(-27) - 494/j a prime number?
True
Is (-8 - -3) + (-7 - (-74105)/5) composite?
True
Let p(t) be the third derivative of 0 - 1/24*t**4 + 0*t + 31/2*t**3 + 0*t**5 - 3*t**2 - 1/120*t**6. Is p(0) composite?
True
Let i(w) = 177*w - 4 + 163*w - 179*w + 600*w. Is i(1) a prime number?
True
Suppose 3*o + o = -52. Let t be (-2)/o - 96/(-52). Suppose -2*n + 26 = -t*w, n - 5*w + 2*w = 19. Is n a prime number?
False
Suppose -19521 + 57252 = w. Is w composite?
True
Let m be (-18)/(-30) - 21/(-15). Suppose m*s = 7*s. Suppose -j + 2*j - 323 = s. Is j a prime number?
False
Let o(h) = 190*h + 6. Let p be o(-10). Let x = p + 2703. Is x composite?
False
Let y(c) = -c**2 - 15*c - 3. Let r(m) = -m**2 + 13*m - 6. Let i be r(13). Is y(i) composite?
True
Is (-2 - (-64)/12)*16407/15 a composite number?
True
Let d(i) = i**3 + 15*i**2 - 6*i - 25. Is d(23) composite?
True
Let c = -45 + 231. Suppose 2*f - 96 = c. Is f composite?
True
Suppose -226 - 2189 = -b - 2*w, 5*b + 2*w - 12083 = 0. Is b a composite number?
False
Let l = -21 - -15. Is (-970)/l - (-8)/6 prime?
True
Let d be -4 + (7 - 4 - -5)/2. Suppose -n = -4*l - 1273, d*l = -5*n + 5*l + 6440. Is n a prime number?
False
Is 5353 + 26 - -1*2*1 a prime number?
True
Let k = 49 + 205. Let n = 1719 + -914. Suppose w = -k + n. Is w prime?
False
Let z be -2*(20/(-8) + 1). Suppose p + 1993 = 4*q - 2*p, -z*q - 2*p = -1499. Is q a composite number?
False
Suppose -125251 - 61844 = -15*c. Is c a composite number?
False
Let p = 29 - 53. Let l = -22 - p. Suppose -2*s + l*n = -s - 137, 2*n - 709 = -5*s. Is s a prime number?
False
Let q(m) = m + 7. Let i be q(-3). Suppose -i*d = 40 + 4. Is (-96785)/(-143) - 2/d composite?
False
Let g(d) = -2*d - 4. Let p be g(-5). Let l(q) be the third derivative of -q**6/120 + 2*q**5/15 + q**3/3 + 10*q**2. Is l(p) a prime number?
False
Suppose 1193 = v - 0*v. Suppose l - v = -5*m, 0 = 4*l + 4*m - 1355 - 3337. Suppose l - 26 = 2*x. Is x a prime number?
True
Let v be -2 + 1 + (8/(-2) - 2). Let g(m) = -m**3 + m**2 - 7*m + 2. Is g(v) composite?
False
Let c = 3 - 1. Let j be ((-33)/(-22))/(3/(-508)). Is (3/c)/((-3)/j) composite?
False
Let l(i) = 17*i + 10. Suppose -27 = -0*f - 2*f + 3*j, -5*f - j = -42. Let d be l(f). Suppose 0*t = t - d. Is t a prime number?
True
Suppose 531*f - 92696 = 523*f. Is f prime?
True
Let r(g) = 37*g**2 + 2*g - 55. Is r(-14) prime?
False
Suppose -f + 4*c + 6467 = -0*c, 20 = -5*c. Let s = f - 4302. Is s a composite number?
True
Suppose -n = 3*k - k + 8, 5*n - k = 4. Suppose 348 = 2*d - 2*x, 3*d - 2*x - 2*x - 519 = n. Is d a prime number?
False
Let j be ((-3)/2)/(3/(-10)). Suppose -9 = -l + 2*w + 1, -50 = -5*l + j*w. Is (0 + (-94)/(-4))*l a prime number?
False
Let l = 3359 + 152. Is l a prime number?
True
Let z = 5 - -5. Let c = z - 7. Suppose 232 = 3*b - 5*n, 3*b + 46 = c*n + 280. Is b a prime number?
True
Suppose 2*m = -4*g + 3136, m - 3914 = -3*g - 2*g. Is (-36)/9 + 1 + g a prime number?
False
Let u be -1*(-2)/6 + 14/(-42). Suppose u*y + 894 = 2*y. Is y a composite number?
True
Is 4 + 6/(-12)*-654 a prime number?
True
Suppose 3*p + 2*p - 9 = 2*d, 5*d = -5*p + 30. Suppose -c - 356 = -d*k, -k + 5*c = -4*k + 362. Is k a composite number?
True
Let h(t) = 93*t**2 - 2*t - 6. Let v be h(-3). Suppose -l + 524 + v = 0. Is l a prime number?
True
Let s(y) = -y + 15. Let f be s(13). Suppose -c 